the highest common factor of 2431 and 65.
13
What is the highest common divisor of 18 and 144?
18
Calculate the greatest common divisor of 11245 and 26.
13
Calculate the greatest common factor of 2508 and 266.
38
What is the greatest common factor of 345 and 20?
5
Calculate the highest common divisor of 730 and 40.
10
Calculate the highest common factor of 2728 and 20.
4
What is the highest common divisor of 189 and 243?
27
Calculate the greatest common factor of 24 and 392.
8
Calculate the greatest common factor of 134 and 737.
67
Calculate the highest common factor of 9720 and 160.
40
Calculate the greatest common divisor of 2835 and 3465.
315
Calculate the greatest common factor of 121 and 1.
1
Calculate the highest common factor of 14 and 33404.
14
What is the highest common divisor of 65637 and 33?
33
Calculate the greatest common factor of 6747 and 39.
39
Calculate the greatest common factor of 138 and 92.
46
Calculate the highest common factor of 37 and 4699.
37
Calculate the greatest common divisor of 384 and 168.
24
Calculate the greatest common factor of 50 and 200.
50
Calculate the greatest common factor of 12 and 117.
3
What is the highest common factor of 210 and 42?
42
Calculate the highest common factor of 1806 and 189.
21
Calculate the greatest common factor of 124 and 14012.
124
What is the greatest common divisor of 96 and 2000?
16
What is the greatest common factor of 644 and 92?
92
Calculate the highest common divisor of 45 and 117.
9
What is the highest common factor of 1710 and 60?
30
What is the highest common divisor of 928 and 32?
32
What is the highest common factor of 1696 and 6572?
212
Calculate the greatest common divisor of 33 and 231.
33
Calculate the greatest common factor of 7 and 1057.
7
Calculate the highest common divisor of 20 and 75.
5
Calculate the highest common divisor of 14 and 2044.
14
Calculate the greatest common factor of 1275 and 75.
75
What is the greatest common divisor of 429 and 2673?
33
Calculate the highest common factor of 1022 and 77.
7
Calculate the highest common divisor of 58 and 406.
58
What is the greatest common factor of 26 and 442?
26
What is the highest common factor of 3 and 27?
3
Calculate the highest common divisor of 342 and 152.
38
What is the greatest common divisor of 110 and 320?
10
Calculate the greatest common factor of 143 and 923.
13
Calculate the highest common divisor of 43 and 559.
43
Calculate the highest common divisor of 573 and 3247.
191
Calculate the highest common divisor of 20 and 15740.
20
Calculate the highest common factor of 697 and 82.
41
Calculate the highest common divisor of 26 and 10.
2
What is the highest common divisor of 3916 and 44?
44
What is the greatest common divisor of 43509 and 3?
3
What is the highest common factor of 200 and 450?
50
Calculate the greatest common divisor of 528 and 24.
24
Calculate the greatest common divisor of 11 and 1661.
11
Calculate the highest common factor of 105 and 14.
7
What is the highest common divisor of 14 and 322?
14
What is the greatest common factor of 332 and 1162?
166
Calculate the greatest common divisor of 250 and 4.
2
Calculate the highest common divisor of 22 and 64.
2
Calculate the highest common factor of 43 and 28337.
43
What is the highest common factor of 17 and 19?
1
What is the greatest common divisor of 9089 and 149?
149
What is the highest common factor of 2 and 22?
2
Calculate the greatest common divisor of 1625 and 130.
65
Calculate the highest common factor of 143 and 13.
13
What is the greatest common divisor of 352 and 112?
16
Calculate the greatest common factor of 51019 and 163.
163
What is the greatest common divisor of 245 and 1421?
49
What is the highest common factor of 170 and 221?
17
What is the highest common factor of 24 and 41016?
24
What is the highest common factor of 226 and 2?
2
What is the highest common divisor of 7399 and 604?
151
Calculate the greatest common factor of 19359 and 27.
27
What is the greatest common factor of 5 and 8?
1
Calculate the highest common factor of 1116 and 54.
18
Calculate the highest common divisor of 60 and 460.
20
Calculate the highest common factor of 5678 and 3674.
334
Calculate the highest common factor of 40950 and 63.
63
What is the highest common factor of 192 and 12?
12
What is the highest common divisor of 658 and 14?
14
Calculate the greatest common divisor of 148 and 1961.
37
Calculate the highest common divisor of 148 and 26492.
148
What is the highest common divisor of 188 and 108?
4
Calculate the greatest common factor of 259 and 100751.
259
What is the highest common factor of 7748 and 26?
26
Calculate the greatest common divisor of 46 and 15111.
23
Calculate the greatest common factor of 140 and 1540.
140
Calculate the greatest common divisor of 67571 and 343.
343
Calculate the greatest common factor of 4403 and 4921.
259
Calculate the highest common divisor of 66 and 462.
66
Calculate the highest common divisor of 2 and 73.
1
What is the greatest common factor of 1222 and 517?
47
What is the greatest common factor of 279 and 31?
31
Calculate the greatest common divisor of 1712 and 1391.
107
Calculate the highest common divisor of 460 and 220.
20
Calculate the highest common divisor of 343 and 98.
49
Calculate the greatest common divisor of 810 and 20.
10
What is the greatest common divisor of 1258 and 238?
34
Calculate the highest common factor of 240 and 300.
60
What is the greatest common factor of 120 and 150?
30
Calculate the greatest common factor of 102 and 1513.
17
Calculate the highest common factor of 1593 and 118.
59
What is the greatest common divisor of 60 and 108?
12
What is the greatest common divisor of 27 and 171?
9
What is the greatest common divisor of 14 and 8057?
7
Calculate the highest common divisor of 858 and 264.
66
Calculate the greatest common factor of 63 and 399.
21
Calculate the greatest common divisor of 432 and 4.
4
Calculate the highest common factor of 335 and 603.
67
What is the highest common divisor of 37170 and 118?
118
Calculate the greatest common factor of 150 and 200.
50
Calculate the greatest common divisor of 8 and 1476.
4
Calculate the greatest common factor of 42 and 777.
21
Calculate the greatest common factor of 12 and 4.
4
Calculate the greatest common factor of 455 and 130.
65
What is the greatest common divisor of 3737 and 37?
37
Calculate the greatest common factor of 319 and 44.
11
Calculate the greatest common factor of 201 and 15.
3
What is the greatest common factor of 1173 and 1020?
51
What is the greatest common divisor of 46 and 4117?
23
What is the highest common factor of 60 and 204?
12
What is the highest common divisor of 20 and 45?
5
What is the highest common factor of 26 and 2119?
13
What is the highest common divisor of 10 and 96?
2
What is the greatest common factor of 474 and 6?
6
Calculate the greatest common factor of 2310 and 1110.
30
What is the highest common divisor of 4632 and 36?
12
What is the greatest common factor of 2077 and 67?
67
Calculate the highest common factor of 1026 and 54.
54
What is the greatest common factor of 105 and 20?
5
What is the highest common divisor of 274 and 4247?
137
Calculate the greatest common divisor of 5427 and 27.
27
Calculate the highest common divisor of 8 and 1364.
4
What is the greatest common factor of 969 and 57?
57
Calculate the highest common factor of 17878 and 14.
14
Calculate the greatest common factor of 3737 and 202.
101
What is the greatest common divisor of 9630 and 90?
90
Calculate the highest common divisor of 32 and 864.
32
Calculate the greatest common factor of 4641 and 2184.
273
What is the greatest common factor of 742 and 848?
106
Calculate the greatest common factor of 40 and 8.
8
Calculate the greatest common factor of 8 and 688.
8
What is the highest common divisor of 5 and 35?
5
What is the highest common factor of 50 and 230?
10
What is the greatest common divisor of 195 and 465?
15
Calculate the highest common factor of 33 and 15.
3
Calculate the highest common divisor of 8 and 536.
8
Calculate the highest common factor of 160 and 184.
8
Calculate the greatest common divisor of 396 and 220.
44
Calculate the greatest common divisor of 144 and 549.
9
What is the highest common divisor